{"id":2,"date":"2006-08-09T12:58:51","date_gmt":"2006-08-09T10:58:51","guid":{"rendered":""},"modified":"2024-07-21T18:34:22","modified_gmt":"2024-07-21T16:34:22","slug":"ueber","status":"publish","type":"page","link":"https:\/\/vaeter-und-karriere.de\/blog\/index.php\/ueber\/","title":{"rendered":"\u00dcber den Verfasser"},"content":{"rendered":"<p><img loading=\"lazy\" class=\"wp-image-10785 alignright\" title=\"P1020786-gr\" src=\"http:\/\/vaeter-und-karriere.de\/blog\/wp-content\/uploads\/2024\/07\/HGMarko.png\" alt=\"\" width=\"250\" height=\"265\" srcset=\"https:\/\/vaeter-und-karriere.de\/blog\/wp-content\/uploads\/2024\/07\/HGMarko.png 664w, https:\/\/vaeter-und-karriere.de\/blog\/wp-content\/uploads\/2024\/07\/HGMarko-283x300.png 283w\" sizes=\"(max-width: 250px) 100vw, 250px\" \/><\/p>\n<p>Mein Name ist Hans-Georg Nelles, ich bin Vater von drei erwachsenen Kindern und vier Enkelkindern. Von Beruf bin ich Sozialwissenschaftler, Erwachsenenbildner und Organisationsberater und seit mehr als 25 Jahren f\u00fcr die Durchf\u00fchrung von zahlreichen innovativen Projekten im Themenfeld \u201aVereinbarkeit von Arbeit und Leben\u2019 verantwortlich.<\/p>\n<p>Der V\u00e4terblog ist ein Projekt, mit der ich die gesellschaftliche Diskussion zum Thema V\u00e4ter, Vaterschaft und M\u00e4nnlichkeit dokumentieren und M\u00e4nner, sei es als V\u00e4ter oder Verantwortliche in Unternehmen, ermutigen m\u00f6chte, ihre W\u00fcnsche und Vorstellungen von einem &#8218;guten Leben&#8216; auch umzusetzen.<\/p>\n<p>Weitere Informationen zu mir und meinen Aktivit\u00e4ten finden Sie bei <a href=\"https:\/\/www.linkedin.com\/in\/hansgeorgnelles\/\" target=\"_blank\" rel=\"noopener\">LinkedIn<\/a><\/p>\n","protected":false},"excerpt":{"rendered":"<p>Mein Name ist Hans-Georg Nelles, ich bin Vater von drei erwachsenen Kindern und vier Enkelkindern. Von Beruf bin ich Sozialwissenschaftler, Erwachsenenbildner und Organisationsberater und seit mehr als 25 Jahren f\u00fcr die Durchf\u00fchrung von zahlreichen innovativen Projekten im Themenfeld \u201aVereinbarkeit von Arbeit und Leben\u2019 verantwortlich. Der V\u00e4terblog ist ein Projekt, mit der ich die gesellschaftliche Diskussion [&hellip;]<\/p>\n","protected":false},"author":1,"featured_media":0,"parent":0,"menu_order":0,"comment_status":"open","ping_status":"open","template":"","meta":[],"_links":{"self":[{"href":"https:\/\/vaeter-und-karriere.de\/blog\/index.php\/wp-json\/wp\/v2\/pages\/2"}],"collection":[{"href":"https:\/\/vaeter-und-karriere.de\/blog\/index.php\/wp-json\/wp\/v2\/pages"}],"about":[{"href":"https:\/\/vaeter-und-karriere.de\/blog\/index.php\/wp-json\/wp\/v2\/types\/page"}],"author":[{"embeddable":true,"href":"https:\/\/vaeter-und-karriere.de\/blog\/index.php\/wp-json\/wp\/v2\/users\/1"}],"replies":[{"embeddable":true,"href":"https:\/\/vaeter-und-karriere.de\/blog\/index.php\/wp-json\/wp\/v2\/comments?post=2"}],"version-history":[{"count":15,"href":"https:\/\/vaeter-und-karriere.de\/blog\/index.php\/wp-json\/wp\/v2\/pages\/2\/revisions"}],"predecessor-version":[{"id":10787,"href":"https:\/\/vaeter-und-karriere.de\/blog\/index.php\/wp-json\/wp\/v2\/pages\/2\/revisions\/10787"}],"wp:attachment":[{"href":"https:\/\/vaeter-und-karriere.de\/blog\/index.php\/wp-json\/wp\/v2\/media?parent=2"}],"curies":[{"name":"wp","href":"https:\/\/api.w.org\/{rel}","templated":true}]}}

Über den Verfasser

<p><img loading="lazy" class="wp-image-10785 alignright" title="P1020786-gr" src="http://vaeter-und-karriere.de/blog/wp-content/uploads/2024/07/HGMarko.png" alt="" width="250" height="265" srcset="https://vaeter-und-karriere.de/blog/wp-content/uploads/2024/07/HGMarko.png 664w, https://vaeter-und-karriere.de/blog/wp-content/uploads/2024/07/HGMarko-283x300.png 283w" sizes="(max-width: 250px) 100vw, 250px" /></p>
<p>Mein Name ist Hans-Georg Nelles, ich bin Vater von drei erwachsenen Kindern und vier Enkelkindern. Von Beruf bin ich Sozialwissenschaftler, Erwachsenenbildner und Organisationsberater und seit mehr als 25 Jahren für die Durchführung von zahlreichen innovativen Projekten im Themenfeld ‚Vereinbarkeit von Arbeit und Leben’ verantwortlich.</p>
<p>Der Väterblog ist ein Projekt, mit der ich die gesellschaftliche Diskussion zum Thema Väter, Vaterschaft und Männlichkeit dokumentieren und Männer, sei es als Väter oder Verantwortliche in Unternehmen, ermutigen möchte, ihre Wünsche und Vorstellungen von einem &#8218;guten Leben&#8216; auch umzusetzen.</p>
<p>Weitere Informationen zu mir und meinen Aktivitäten finden Sie bei <a href="https://www.linkedin.com/in/hansgeorgnelles/" target="_blank" rel="noopener">LinkedIn</a></p>

<p>Mein Name ist Hans-Georg Nelles, ich bin Vater von drei erwachsenen Kindern und vier Enkelkindern. Von Beruf bin ich Sozialwissenschaftler, Erwachsenenbildner und Organisationsberater und seit mehr als 25 Jahren für die Durchführung von zahlreichen innovativen Projekten im Themenfeld ‚Vereinbarkeit von Arbeit und Leben’ verantwortlich. Der Väterblog ist ein Projekt, mit der ich die gesellschaftliche Diskussion [&hellip;]</p>
